5. Is n a multiple of 2?
True
Let k(r) = -5 + 0 - 3*r + 4*r**2 - 2*r**2. Is k(6) a multiple of 17?
False
Let t = 14 - 4. Is t a multiple of 9?
False
Suppose -3 = -o, -3*o + 71 = 5*x - 8. Is x a multiple of 2?
True
Let o be 1*(0 - -1*2). Let q(i) = -i**2 - 6*i - 5. Let x be q(-5). Is 12 + 2 + o + x a multiple of 16?
True
Let q(h) = h**3 + 3*h**2 - 4*h + 3. Let g(a) = -a**2 + 5*a + 2. Let v be g(6). Let z be q(v). Suppose -y + z*y - 28 = 5*n, 4*y - n - 20 = 0. Is y even?
True
Suppose -12 = w - 3*x, x - 13 = 5*w + 5. Let u(y) = -2*y**3 + y**2 + 3*y - 4. Is u(w) a multiple of 11?
False
Let c(x) = 4*x - 7. Let r(p) = 6*p. Let m be r(1). Let t be c(m). Suppose -t + 92 = 5*b. Is 7 a factor of b?
False
Suppose -5*x + 30 = -z - 4*z, 0 = -3*x - 5*z - 14. Let h be (-1)/(x/4 + -1). Is (-1 - -23) + 0 + h a multiple of 8?
True
Let u(n) = 0*n - 4*n**2 + 1 + 9*n - 23*n**3 - 7*n + 5*n**2. Is u(-1) a multiple of 7?
False
Suppose -6*s + s = -2*b + 8, 0 = -3*s. Suppose -b + 1 = c. Does 2 divide c + 7 + 1 + 0?
False
Suppose -5*t = -0*t - 2*b + 4873, 0 = 2*t - 3*b + 1947. Does 14 divide (t/(-26))/((-3)/(-4))?
False
Let v be ((-12)/18)/((-2)/105). Suppose 2*j + 2*q - 2 = -26, -3*q + 16 = -j. Let b = j + v. Is 11 a factor of b?
True
Suppose 2*p + 96 = 4*p. Is p a multiple of 11?
False
Is (-12)/(-36) - 86/(-3) a multiple of 26?
False
Suppose -8*g = -16 - 72. Is 3 a factor of g?
False
Suppose -p = -4*f + 7, 5*f = 2*f - 4*p + 29. Let g = 29 + -17. Let d = g - f. Is 9 a factor of d?
True
Let i(o) = 4*o**2 + 6*o + 21. Does 48 divide i(-7)?
False
Let b = 70 + 41. Does 17 divide b?
False
Suppose 12 + 22 = b. Does 14 divide b?
False
Suppose 3*g = 3 + 3. Let u(j) = j. Let i be u(0). Suppose -g*w + 34 + 16 = i. Does 11 divide w?
False
Is 15 a factor of 246/16 + 15/(-40)?
True
Let s(y) = 13*y**3 - 2*y**2 + 1. Suppose 0*u + 3*u - 37 = 4*c, -u - 4*c - 9 = 0. Suppose -o + 2*w - 24 = u*w, -3*w - 12 = 3*o. Does 12 divide s(o)?
True
Let g(t) = t**2 - 4*t + 4. Let q be g(7). Let a = q + -1. Is a a multiple of 4?
True
Let d be 0 + -3 + 3/1. Is (1 - d)/(2/38) a multiple of 9?
False
Let k(s) = -5*s**2 - 3*s + 2*s**3 - 7 - 3*s**3 - 3*s. Does 23 divide k(-5)?
True
Suppose 4*g - 6 = g. Suppose -4 = 3*w + g. Is 16 a factor of (-4)/w*(-37)/(-2)?
False
Let c(p) be the first derivative of 11*p**4/12 - p**3/6 + p**2/2 - 3*p + 1. Let d(k) be the first derivative of c(k). Does 7 divide d(1)?
False
Let o(n) = -n. Let m be o(1). Let w be m*6/3 + 86. Suppose -w = -0*b - 3*b. Does 14 divide b?
True
Let z be (1 - 2 - 0)*-5. Suppose 1 + 4 = -z*h. Is 37 - (0 + h + 1) a multiple of 13?
False
Let r(s) = -s**3 - 14*s**2 - 28*s - 18. Does 5 divide r(-12)?
True
Let x(q) = q + 3. Let b be x(-3). Suppose m + b*m - 26 = 0. Is m a multiple of 13?
True
Let f(u) = -5*u - 1. Let i be f(-1). Suppose -2*n - 4 = -4*q + 12, 0 = 5*n - 5*q + 15. Suppose h + i*h = v + 86, -37 = -n*h + 3*v. Does 17 divide h?
True
Let z be (-4)/(-6) + 582/(-9). Let o = z + 30. Is 7 a factor of 1/(-1 + (-36)/o)?
False
Suppose -x - 249 = x - 5*h, -h - 399 = 3*x. Does 8 divide (-8)/(-6)*x/(-8)?
False
Let p(u) = 10*u + 8. Does 6 divide p(9)?
False
Is 11 a factor of ((-91)/14)/(2/(-4))?
False
Suppose 5*b - 4*m = 15, -3 = -2*b - 4*m + 3. Suppose b*n + 30 = 4*n. Is n a multiple of 15?
True
Suppose -4*a + 2 = -22. Is 13 a factor of a/(-9) - (-240)/9?
True
Suppose -11*y + 567 = -82. Does 5 divide y?
False
Let p(f) = 10*f. Let m(i) = 31*i - 1. Let x(a) = 4*m(a) - 14*p(a). Is 12 a factor of x(-4)?
True
Let i be (-2)/(-5) - 144/(-15). Let y = i - 7. Suppose -4*w = -y*w - 22. Is 13 a factor of w?
False
Let f(t) = t + 3. Let z be f(0). Suppose -k + 7 = -z. Suppose 0 = n - 28 + k. Is n a multiple of 16?
False
Let r(v) = -v**3 - 4*v**2 - v + 10. Is r(-7) a multiple of 23?
False
Suppose r + 3 - 5 = 0. Suppose r + 4 = -3*t. Let g(k) = -6*k - 2. Is 5 a factor of g(t)?
True
Suppose -4 = 5*x - x. Let v be 12*((-2)/(-4))/x. Let r = v + 10. Is 4 a factor of r?
True
Suppose 9*l - 1362 + 84 = 0. Does 5 divide l?
False
Suppose 0 = -6*i - 2*i + 816. Is 17 a factor of i?
True
Let x = -25 + 28. Let o be -2*(-1)/(1/70). Suppose -4*z = 4*k - o, -z = k + x*k - 137. Is k a multiple of 17?
True
Suppose -75 = -0*o - 3*o. Let p(i) = -i - 32. Let v be p(-14). Let u = v + o. Is 6 a factor of u?
False
Let f(r) = -16*r**3 - r. Let b be f(1). Let n = 19 - b. Is n a multiple of 12?
True
Let n(h) = 3*h. Let s be (-10)/(-4) - 2/4. Let k be n(s). Suppose -3*g + k = -21. Is 9 a factor of g?
True
Let f(u) be the first derivative of -17*u**2/2 - u - 3. Is 25 a factor of f(-3)?
True
Let p(o) = 5*o + 0*o - 7 - o**2 + 8*o. Is 5 a factor of p(11)?
True
Let c be -10*(-2)/(30/9). Is (-1)/(0 - 2/c) even?
False
Let i(t) = t**2 - t + 3. Let x be i(0). Suppose -2*g + 52 = x*f, -3*f + 44 = -0*f - 2*g. Is f a multiple of 9?
False
Let c(p) = p**3 + 9*p**2 + p - 16. Is 14 a factor of c(-8)?
False
Suppose -5*q - 28 = -9*q. Let b(x) be the third derivative of -x**6/120 + 7*x**5/60 + 2*x**3/3 - x**2. Is 4 a factor of b(q)?
True
Let l(q) = -q**2 + 7*q + 4. Let c be l(8). Let a = 10 - c. Is 7 a factor of a?
True
Let b(s) = -8*s. Let x = 0 + -2. Is b(x) a multiple of 8?
True
Let r(b) = -b**3 - 8*b**2 - 5*b + 1. Let i be r(-7). Let v = -9 - i. Suppose 5*f - v = 21. Does 5 divide f?
True
Let z be 45*((-12)/9 + 2). Let s = z - 17. Is s a multiple of 13?
True
Suppose 28 = m + 3*m. Let k = m - 2. Suppose 5*j = -k*h + 185, 5*h - 202 + 1 = 3*j. Is h a multiple of 23?
False
Suppose 0 = g - 2 - 3. Suppose -t + 2*t - 6 = 0. Suppose 0 = 3*u - t*b + 3*b - 42, 3*u = g*b + 52. Is u a multiple of 5?
False
Let m be 6/(-14) - (-260)/35. Is 9 a factor of 2/m - 2981/(-77)?
False
Let z be ((-7)/3)/((-2)/6). Suppose 5*p - 9 - 1 = 0. Suppose -3*f + p*f = -z. Is 2 a factor of f?
False
Let q be 3/(12/(-1328)*-4). Suppose r - 1 = 0, k + q = 3*k + 3*r. Is k a multiple of 10?
True
Let u(t) = t**3 + 15*t**2 - 11*t - 23. Is u(-15) a multiple of 10?
False
Suppose -2*x + 2*m - 6 = 0, x - 5*m - 3 = -m. Let y = 5 + x. Is 0 - ((-3 - y) + -4) a multiple of 7?
True
Let o(f) = 3*f - 6. Let x be o(4). Let j be x/(-4)*-3*4. Suppose -n - j = -2*n. Does 16 divide n?
False
Let w be (-8)/(-20) - 28/(-5). Let c(v) = v - 1. Is c(w) even?
False
Is (-6)/(-3) + (-535)/(-5) a multiple of 17?
False
Let j(i) = -i**3 + 10*i**2 - 12*i + 8. Let b be j(8). Suppose b = -5*g + 110. Does 10 divide g?
False
Let s be (-1)/(-3) + (-356)/(-3). Suppose -4*q = 3*q - 14. Suppose s = 3*b + q. Is b a multiple of 10?
False
Let q = 1409 + -1997. Suppose -3*n - 5 = 4*b, 3*n - 1 = 2*b - 3*b. Is 14 a factor of n/(-5) + q/(-15)?
False
Let f(n) = -n**3 - 5*n**2 - 2*n - 4. Let y = -13 + 9. Let q be f(y). Is 13 a factor of (-255)/q + 1/(-4)?
False
Let c(d) = 9*d**3 + d - 1. Let t be c(1). Let j = -14 + 19. Suppose t = j*x - 51. Is x a multiple of 12?
True
Suppose 6 = p + 3. Suppose -22 = p*d - 70. Does 15 divide d?
False
Let d(h) = h**3 + 3*h**2 + h + 2. Let b be d(-3). Let z = b - -6. Is z a multiple of 5?
True
Let h(l) = l**3 + 7*l**2 + 4*l + 4. Let k be (-1 - (0 - 0))*-12. Let d = 6 - k. Is h(d) a multiple of 8?
True
Is 10 a factor of (-12)/8*60/(-9)?
True
Let j(d) be the first derivative of d**4/4 - 5*d**3/3 + 1. Let t be j(5). Suppose 3*w + a + 2*a - 36 = 0, -2*a + 2 = t. Is 4 a factor of w?
False
Let q(h) = -h**3 - 11*h**2 - 11*h - 10. Is q(-11) a multiple of 37?
True
Let r(p) = -p**2 - 2*p + 40. Does 5 divide r(0)?
True
Let a(o) = -o**3 + 6*o**2 + 3*o - 9. Suppose 2*m = 6*m - 24. Does 9 divide a(m)?
True
Let v(k) = k**2 + k - 3. Let h be v(-6). Suppose -w = -3*w - 18. Let l = w + h. Does 7 divide l?
False
Suppose -3*z + 0*z - a = -65, 92 = 4*z + 4*a. Is z a multiple of 4?
False
Let v be 5 + (-1 + 3 - 3). Suppose 48 = -i + v*i. Is 16 a factor of i?
True
Let m = 17 + -18. Let n = m - -23. Is 6 a factor of n?
False
Suppose -5*p - 5 = 5*c, c + 2*p - 10 = 2*c. Let r be ((-6)/(-3))/(-2) - c. Suppose 0 = 5*f + r*y - 85, -2*f + 4*f - 5*y = 65. Is f a multiple of 9?
False
Suppose -3*c = -2*h + c + 28, -2*c = 3*h - 10. Suppose -2*o - 8 = -h*o, -j - 2*o = -82. Is j a multiple of 22?
False
Suppose 5*d - 10 = 0, 0 = 3*j + d + 3*d - 641. Does 22 divide j?
False
Suppose 19 = 5*j + 4. Does 3 divide j?
True
Let a = 77 - 32. Let s = a - 70. Let v = -4 - s. Is 14 a factor of v?
False
Suppo